 8*y**2 - 8*y. What is the tens digit of x(4)?
9
Let r(x) = -x + 4. Let l be r(2). Let o be 2/l - (0 + -1). What is the units digit of (-34)/(-4) - o/(-4)?
9
Let j = 25 + 24. What is the tens digit of j?
4
Let d = 7 + -7. Let r be (-885)/(-33) + 4/22. Suppose -3*z + y + r = d, -z - 2*y + 46 = 3*z. What is the tens digit of z?
1
Suppose 0*h - 17 = -h. Suppose -j - s = -32, -j + 0*j + h = -2*s. What is the units digit of j?
7
Suppose -1680 = 4*y - 8*y. What is the tens digit of y?
2
Let t = -119 - -184. What is the tens digit of t?
6
Suppose -3*q + 6 = -9. Suppose -2*n = -4*y - 40, -q*n = 4*y - 0*y - 58. What is the units digit of n?
4
Let q = -94 - -148. Let p = -17 + q. What is the units digit of p?
7
Let h(t) = -t - 21. Let u be h(-13). Let q = -6 - u. What is the units digit of (0 + -1)/(q/(-2))?
1
What is the tens digit of 1/(1 + 108/(-110))?
5
Suppose 5*x = 2*x. Suppose -2*o - 2*o = x. Let a(u) = -u**3 + u**2 + 9. What is the units digit of a(o)?
9
Let i(g) = 3*g**2 - g + 1. What is the tens digit of i(-3)?
3
What is the tens digit of 1292/14 - (5 + (-99)/21)?
9
Let b(a) = a - 1. Let y be b(-1). What is the units digit of 2 + y - -1*13?
3
Let o(x) = -2*x**2 + 4*x - 2. Let b be o(3). Let t be -1*(2 - 3) + -3. What is the tens digit of (-37)/t + (-12)/b?
2
Let p be (12/21)/(6/21). What is the units digit of p/(-2*1/(-10))?
0
Suppose z = -3*z + 212. What is the tens digit of z?
5
Suppose -3*a + 15 = -0. Suppose -w - 48 = -a*w. What is the units digit of 105/w - 2/(-8)?
9
Suppose -2*o - 49 = -5*m, 3*o + 11 = 3*m - 22. Let s be (24/(-9) - -2)*m. What is the units digit of (s/8)/((-1)/12)?
9
Suppose 6*r - 245 - 7 = 0. What is the units digit of r?
2
Let a(d) = -d - 4. Let p be a(-4). Suppose p = 3*t + 6 + 6. Let k = -2 - t. What is the units digit of k?
2
Let f be (-12)/(-8)*2*1. Suppose i = -f*i + 20. What is the units digit of i?
5
Let b be (-2)/(-3) - (-22)/(-6). Let d be -2 - b - (2 + 1). What is the units digit of (-3)/5*10/d?
3
Suppose 0 = -4*d - w - 395, -w = -5*d + 2*w - 481. Let j = d + 66. What is the tens digit of -1*j/(-6)*-3?
1
Suppose -8 = -4*a, -32 = -0*i - i + a. What is the tens digit of i?
3
Let p(a) = a**3 - a**2 + a + 9. Let h be p(0). Let m be (-4)/5*(-4 + h). What is the units digit of 1/m - (-13)/4?
3
Let a be ((-34)/(-6))/(3/(-9)). Let l = 12 + a. What is the units digit of l/(-1) + 1/1?
6
Let o(u) = u**2 - 11*u + 11. Let a be o(9). Let s(m) = m**2 + 6*m + 5. What is the tens digit of s(a)?
1
Let l(j) = j - 7. Let q be (3 + 18/(-4))*-6. What is the units digit of l(q)?
2
Let c(g) = -g - 1. Let k be c(-1). What is the units digit of -1 - k - (-92)/4?
2
Suppose -3*s + 79 = 4. What is the units digit of s + 3*2/3?
7
Let q = -5 - -11. Let m = 17 - q. What is the units digit of m?
1
Let d(y) = y**3 + 8*y**2 + 7*y + 4. Let c be d(-7). What is the tens digit of (2/c)/(1/62)?
3
Let g(i) = i**3 - 3*i - 1. Let x(o) = o**2 - o - 5. Let h(u) = u**2 - u - 4. Let y(d) = 6*h(d) - 5*x(d). Let v be y(2). What is the units digit of g(v)?
7
Let a(j) = 6*j + 49. What is the tens digit of a(4)?
7
What is the units digit of (24 - -3) + 0 - 3?
4
Suppose -b = 5*f - 20, -2*f + 4*b + b = 19. Suppose 2*c - j + 4 = 7, -f*c - 4*j = 1. Let a(v) = 3*v**2 + v - 1. What is the units digit of a(c)?
3
Suppose -d - 5 = 3*m - 20, -3*m - 15 = 0. Suppose -3*w = -0*w - d. What is the units digit of w?
0
Suppose 0 = 3*w + 1 - 25. Let i = -4 + w. What is the units digit of -1*(-1)/4*i?
1
Suppose -q + 1 = 0, 3*a + 3*q - 10 - 47 = 0. What is the units digit of a?
8
Suppose -o - 135 + 39 = -3*t, 3*t - 2*o = 96. What is the units digit of t?
2
Let x be 0 + 0 - 2 - -4. Suppose 0 = m + c + c - 7, -5 = -3*m - x*c. Let l = 10 + m. What is the units digit of l?
9
Let q(w) = -w - 1. Let s(u) = 4*u + 6. Let d be s(-4). Let y be (-2)/d - 42/10. What is the units digit of q(y)?
3
Let p(l) = -l**3 + 20*l**2 - 7*l + 21. What is the units digit of p(19)?
9
Suppose 5*m = -4*l, l - 2*m = -l. Let z(j) = -j**3 + l*j - 2 + 3 + 3*j. What is the units digit of z(-2)?
3
Let t be (-2)/6 - 2/(-6). Let j be 0/((-1 - t)*-1). Suppose j*l + l - 1 = 0. What is the units digit of l?
1
What is the tens digit of 34/(-6)*(-25 + 4)?
1
Let p be 13 - (-2 + 3/3). Let k = p - 8. What is the units digit of 28/k - 4/(-12)?
5
Suppose 0 = -x - 3*d - 14, d + 2*d = 4*x - 19. What is the units digit of ((-1)/3)/(x/(-15))?
5
Let t(p) = p - 1. Let r = 6 + -2. What is the units digit of t(r)?
3
Let i = 35 - 74. What is the tens digit of ((-3)/(-9))/((-1)/i)?
1
Let k be 1 + (-2 + 4)/1. What is the tens digit of (k - 4) + 1 + 11?
1
Let i be (-2)/(-12) - (-25)/(-6). Let a be 14/3*(-6)/i. Let d = a - 0. What is the units digit of d?
7
Suppose 78 = 5*o - 72. What is the units digit of o?
0
Suppose 2*w + 0 + 4 = 0. What is the tens digit of 16*w/(-2) - -2?
1
Suppose 0 = 4*u - 4 - 52. What is the tens digit of u?
1
Suppose -13*s + 941 = -2530. What is the units digit of s?
7
Let c(w) = -w**3 + w + 26. What is the units digit of c(0)?
6
Let f(b) = b**2 - 7*b + 2. What is the units digit of f(12)?
2
Let l(u) = -u**2 + 3*u + 1. Let n be l(2). Suppose -4*c + 2*v + 6 = -0*c, c + 2 = -n*v. What is the units digit of c?
1
What is the units digit of -1 + (-107 - -4)*-1?
2
Suppose 4*q = 2*q - 2*k + 6, 13 = 3*q + 5*k. What is the units digit of q?
1
Suppose -4*k = -2*n + 62, -3*n + 10 + 63 = -2*k. Suppose 4*f + 22 = 2*d + f, d - n = -f. What is the tens digit of d?
1
Let t = -11 - 39. Let x = -36 - t. What is the units digit of x?
4
Let o(i) = 4*i**3 + 3*i**2 - 4*i + 3. Let l be o(2). Let q = -57 + l. What is the units digit of 4*1*q/(-24)?
3
Let p(c) = -c**3 + 7*c**2 - 6*c - 4. What is the tens digit of p(5)?
1
Suppose 914 = 9*f - 2047. What is the units digit of f?
9
What is the tens digit of (-1)/((-1)/386)*2/4?
9
Let s(g) be the third derivative of 1/12*g**4 + 0 + 0*g - g**3 - g**2. What is the units digit of s(6)?
6
Let t = -179 + 298. Let c = -70 + t. What is the units digit of c?
9
Suppose -z - 2 = a, 0 = 3*a - 2*z + 6. Let u = 129 + -45. What is the units digit of 1/a + u/8?
0
Let f(n) = 18*n - 8. What is the tens digit of f(3)?
4
Let f(m) = m**3 - 4*m - 3. Let j be f(5). Suppose -4*u - 2*a = -j, 5*u - u = a + 99. What is the tens digit of u?
2
Suppose q + 50 = 6*q. What is the tens digit of q?
1
Suppose -6*f + 7*f - 58 = 0. What is the tens digit of f?
5
Let o be (-2)/(-4 + 69/18). Let c = o + -4. What is the units digit of c?
8
Suppose 4*f = -22 - 2. Let c be (-2)/(-6) - (-2)/f. Suppose 5*w = j + 44 - c, 4*w + j = 28. What is the units digit of w?
8
Let y = -1 - -3. What is the tens digit of (y + -3)/(3/(-36))?
1
Let x = 211 - 99. What is the units digit of (x/70)/(2/30)?
4
Let n(f) = -13*f - 6. What is the units digit of n(-2)?
0
Suppose -2*y + 4 = -4*j, -4*y - 2*j + 1 - 13 = 0. What is the units digit of y/(-4)*(-1 + 3)?
1
Suppose 2 = 4*b - 238. What is the tens digit of b?
6
Suppose -4*i + 4*a = -76, 3*a + 45 = 4*i - 36. What is the tens digit of i?
2
Suppose -3*b - 2*f + 22 = 0, -3*b = b + 4*f - 36. Suppose -4*t + 7 + 17 = 4*d, 2*t - b*d + 12 = 0. What is the units digit of t?
2
Suppose -6*k + 251 + 517 = 0. What is the units digit of k?
8
Let g(v) = -2 + 2 - v - 10*v**3. Let h be 1/(-2)*(-4 + 6). What is the units digit of g(h)?
1
Let p(k) be the second derivative of -k**3/6 + 41*k**2/2 - 4*k. What is the tens digit of p(0)?
4
What is the units digit of 2/(((-4)/(-13))/(-2 - -4))?
3
What is the tens digit of (2/4 + 4)/(9/120)?
6
Let z(r) = -r**2 + 5*r - 4. Let g be z(3). What is the tens digit of 25/g - (-3)/6?
1
Suppose 625 = 2*o + o + 4*l, -4*o + 833 = 5*l. What is the units digit of o?
7
Let x = -4 - -6. Suppose 0 = 5*l - 15, -j + 4*l + 15 - x = 0. What is the units digit of j?
5
Let h(s) = -s**3 + 5*s**2 + 4*s - 5. Let d(t) = -t - 3. Let f be d(-8). What is the units digit of h(f)?
5
Suppose -4*s = -2*p - p - 25, -7 = -4*s - 3*p. Suppose 5*i + j - 52 = 0, 4*j = -i - s + 22. Let f = 18 - i. What is the units digit of f?
8
Suppose -3*k - k = -3*a + 9, -5*k = 0. What is the tens digit of (-4)/a*3 + 49?
4
Suppose -z - 25 + 44 = 0. What is the tens digit of z?
1
Let r = -30 + 43. What is the tens digit of r?
1
Let x = -64 + 142. What is the units digit of x?
8
Suppose 0 = -0*s - s + 4. Suppose -1 = 3*f + 2*x, 